ns digit of 5388?
8
What is the hundred thousands digit of 9669675?
6
What is the thousands digit of 175103?
5
What is the hundreds digit of 85977?
9
What is the ten thousands digit of 9321404?
2
What is the thousands digit of 5926144?
6
What is the units digit of 229018?
8
What is the hundred thousands digit of 936209?
9
What is the units digit of 7102456?
6
What is the thousands digit of 1097796?
7
What is the tens digit of 1178872?
7
What is the thousands digit of 663824?
3
What is the ten thousands digit of 583375?
8
What is the units digit of 21606829?
9
What is the hundreds digit of 1783351?
3
What is the millions digit of 4393487?
4
What is the ten thousands digit of 363871?
6
What is the hundreds digit of 23764478?
4
What is the units digit of 426095?
5
What is the thousands digit of 767967?
7
What is the hundred thousands digit of 118293?
1
What is the hundreds digit of 5290248?
2
What is the tens digit of 611783?
8
What is the hundred thousands digit of 228307?
2
What is the tens digit of 29910888?
8
What is the hundreds digit of 9424483?
4
What is the units digit of 126711?
1
What is the hundred thousands digit of 1109278?
1
What is the ten thousands digit of 882910?
8
What is the hundred thousands digit of 177033?
1
What is the hundred thousands digit of 27961216?
9
What is the units digit of 4443608?
8
What is the hundred thousands digit of 1451776?
4
What is the hundred thousands digit of 285296?
2
What is the tens digit of 256290?
9
What is the hundred thousands digit of 7505037?
5
What is the hundred thousands digit of 1313801?
3
What is the hundred thousands digit of 513761?
5
What is the ten thousands digit of 764119?
6
What is the tens digit of 5270455?
5
What is the hundred thousands digit of 114670?
1
What is the tens digit of 405471?
7
What is the tens digit of 13304797?
9
What is the hundreds digit of 5700874?
8
What is the units digit of 16221526?
6
What is the ten thousands digit of 470039?
7
What is the thousands digit of 5746437?
6
What is the units digit of 593963?
3
What is the millions digit of 3549452?
3
What is the hundred thousands digit of 3017155?
0
What is the units digit of 28500369?
9
What is the tens digit of 1457131?
3
What is the thousands digit of 2310390?
0
What is the tens digit of 305984?
8
What is the units digit of 8565100?
0
What is the hundred thousands digit of 236255?
2
What is the hundred thousands digit of 10664818?
6
What is the tens digit of 893273?
7
What is the units digit of 23697?
7
What is the millions digit of 19683398?
9
What is the ten thousands digit of 353269?
5
What is the hundreds digit of 7027089?
0
What is the tens digit of 372436?
3
What is the hundreds digit of 520801?
8
What is the hundred thousands digit of 2346007?
3
What is the tens digit of 175854?
5
What is the hundred thousands digit of 22936944?
9
What is the hundreds digit of 59548?
5
What is the millions digit of 8352558?
8
What is the hundred thousands digit of 102073?
1
What is the hundreds digit of 169361?
3
What is the units digit of 1292101?
1
What is the ten thousands digit of 2530975?
3
What is the millions digit of 12524066?
2
What is the hundred thousands digit of 301581?
3
What is the units digit of 754017?
7
What is the hundred thousands digit of 1842287?
8
What is the units digit of 713726?
6
What is the tens digit of 825588?
8
What is the units digit of 11870?
0
What is the hundred thousands digit of 141330?
1
What is the tens digit of 2325755?
5
What is the hundred thousands digit of 592816?
5
What is the units digit of 153091?
1
What is the tens digit of 6051059?
5
What is the millions digit of 13248442?
3
What is the ten thousands digit of 5382256?
8
What is the hundreds digit of 73285?
2
What is the thousands digit of 305534?
5
What is the ten thousands digit of 6227171?
2
What is the tens digit of 433536?
3
What is the tens digit of 14108872?
7
What is the ten millions digit of 10814336?
1
What is the units digit of 4403152?
2
What is the hundreds digit of 32208106?
1
What is the millions digit of 10218699?
0
What is the units digit of 2280241?
1
What is the units digit of 361247?
7
What is the hundred thousands digit of 10166656?
1
What is the thousands digit of 1084070?
4
What is the ten thousands digit of 5306928?
0
What is the units digit of 8373951?
1
What is the units digit of 171305?
5
What is the hundred thousands digit of 1079230?
0
What is the tens digit of 1157168?
6
What is the hundreds digit of 490766?
7
What is the millions digit of 3483794?
3
What is the millions digit of 1092067?
1
What is the tens digit of 59673?
7
What is the millions digit of 11526444?
1
What is the thousands digit of 14078712?
8
What is the hundreds digit of 11089650?
6
What is the thousands digit of 1345994?
5
What is the millions digit of 2061175?
2
What is the ten thousands digit of 10184488?
8
What is the ten thousands digit of 2127010?
2
What is the tens digit of 456116?
1
What is the tens digit of 203730?
3
What is the thousands digit of 195724?
5
What is the units digit of 1339220?
0
What is the tens digit of 6536?
3
What is the millions digit of 6618656?
6
What is the hundred thousands digit of 481339?
4
What is the tens digit of 3944?
4
What is the millions digit of 8163623?
8
What is the hundreds digit of 4914094?
0
What is the tens digit of 161538?
3
What is the tens digit of 931340?
4
What is the thousands digit of 1909642?
9
What is the tens digit of 441502?
0
What is the tens digit of 1483069?
6
What is the tens digit of 2442273?
7
What is the tens digit of 98715?
1
What is the tens digit of 2502347?
4
What is the thousands digit of 22115216?
5
What is the hundred thousands digit of 263625?
2
What is the tens digit of 1537957?
5
What is the ten millions digit of 15820578?
1
What is the tens digit of 11883863?
6
What is the ten thousands digit of 2595421?
9
What is the hundred thousands digit of 1496238?
4
What is the ten thousands digit of 10395553?
9
What is the tens digit of 1114875?
7
What is the units digit of 32358639?
9
What is the ten thousands digit of 12701783?
0
What is the millions digit of 2403701?
2
What is the hundreds digit of 232499?
4
What is the thousands digit of 348491?
8
What is the thousands digit of 7481893?
1
What is the thousands digit of 15772498?
2
What is the tens digit of 7908129?
2
What is the hundreds digit of 165130?
1
What is the ten thousands digit of 20095631?
9
What is the millions digit of 1005969?
1
What is the tens digit of 17546781?
8
What is the hundred thousands digit of 3148992?
1
What is the hundreds digit of 124325?
3
What is the tens digit of 297880?
8
What is the hundred thousands digit of 508432?
5
What is the units digit of 3441823?
3
What is the ten thousands digit of 447536?
4
What is the tens digit of 2077800?
0
What is the millions digit of 12681261?
2
What is the thousands digit of 146543?
6
What is the tens digit of 633380?
8
What is the units digit of 403892?
2
What is the tens digit of 1340507?
0
What is the units digit of 90820?
0
What is the ten millions digit of 11536783?
1
What is the thousands digit of 4401555?
1
What is the units digit of 687884?
4
What is the thousands digit of 342768?
2
What is the hundred thousands digit of 1208984?
2
What is the hundreds digit of 84121?
1
What is the ten thousands digit of 19664?
1
What is the hundred thousands digit of 1024646?
0
What is the ten thousands digit of 430063?
3
What is the tens digit of 699040?
4
What is the millions digit of 5674689?
5
What is the millions digit of 5344237?
5
What is the thousands digit of 3731912?
1
What is the hundreds digit of 296554?
5
What is the millions digit of 6358879?
6
What is the tens digit of 77387?
8
What is the thousands digit of 54026?
4
What is the millions digit of 6580394?
6
What is the hundreds digit of 150370?
3
What is the hundreds digit of 370981?
9
What is the units digit of 840516?
6
What is the hundred thousands digit of 2699934?
6
What is the tens digit of 421710?
1
What is the ten thousands digit of 809312?
0
What is the ten thousands digit of 3114357?
1
What is the hundred thousands digit of 2154145?
1
What is the hundred thousands digit of 16322169?
3
What is the thousands digit of 325432?
5
What is the units digit of 127575?
5
Wha